{"id":225,"date":"2018-12-02T15:27:52","date_gmt":"2018-12-02T14:27:52","guid":{"rendered":"https:\/\/tartichon.fr\/?post_type=product&#038;p=225"},"modified":"2018-12-15T10:26:46","modified_gmt":"2018-12-15T09:26:46","slug":"mobile-chambre-denfant","status":"publish","type":"product","link":"https:\/\/tartichon.fr\/index.php\/produit\/mobile-chambre-denfant\/","title":{"rendered":"Mobile Chambre d&rsquo;enfant"},"content":{"rendered":"<section class=\"description\" data-hook=\"product-page-description\">\n<div class=\"description-wrapper\">\n<div class=\"content-wrapper\" aria-live=\"assertive\" data-hook=\"product-page-description-content-wrapper\">\n<p>Ces petits personnages sont enti\u00e8rement personnalisables ( famille de couleur, d\u00e9tails, mise en sc\u00e8ne \u2026 ) Chaque sc\u00e8ne est unique, puisque faites avec des bouts de bois flott\u00e9s et du fil kraft\u00e9.<br \/>\nSi le produit n\u2019est plus en stock, le support en bois flott\u00e9 sera forc\u00e9ment diff\u00e9rent.<\/p>\n<p>N\u2019h\u00e9sitez pas \u00e0 me contacter par le\u00a0 <a href=\"https:\/\/tartichon.fr\/index.php\/formulaire-de-contact\/\">Formulaire de contact<\/a> ou par courriel\u00a0 <a href=\"mailto:tartichon@outlook.com\">tartichon@outlook.com<\/a> .<\/p>\n<\/div>\n<\/div>\n<\/section>\n","protected":false},"excerpt":{"rendered":"<p>Mobile personnalisable avec pr\u00e9nom<\/p>\n","protected":false},"featured_media":0,"comment_status":"closed","ping_status":"closed","template":"","meta":{"inline_featured_image":false},"product_cat":[21],"product_tag":[47,34,23],"yoast_head":"<!-- This site is optimized with the Yoast SEO plugin v22.2 - https:\/\/yoast.com\/wordpress\/plugins\/seo\/ -->\n<title>Mobile Chambre d&#039;enfant - Tartichon<\/title>\n<meta name=\"robots\" content=\"index, follow, max-snippet:-1, max-image-preview:large, max-video-preview:-1\" \/>\n<link rel=\"canonical\" href=\"https:\/\/tartichon.fr\/index.php\/produit\/mobile-chambre-denfant\/\" \/>\n<meta property=\"og:locale\" content=\"fr_FR\" \/>\n<meta property=\"og:type\" content=\"article\" \/>\n<meta property=\"og:title\" content=\"Mobile Chambre d&#039;enfant - Tartichon\" \/>\n<meta property=\"og:description\" content=\"Mobile personnalisable avec pr\u00e9nom\" \/>\n<meta property=\"og:url\" content=\"https:\/\/tartichon.fr\/index.php\/produit\/mobile-chambre-denfant\/\" \/>\n<meta property=\"og:site_name\" content=\"Tartichon\" \/>\n<meta property=\"article:modified_time\" content=\"2018-12-15T09:26:46+00:00\" \/>\n<meta name=\"twitter:card\" content=\"summary_large_image\" \/>\n<script type=\"application\/ld+json\" class=\"yoast-schema-graph\">{\"@context\":\"https:\/\/schema.org\",\"@graph\":[{\"@type\":\"WebPage\",\"@id\":\"https:\/\/tartichon.fr\/index.php\/produit\/mobile-chambre-denfant\/\",\"url\":\"https:\/\/tartichon.fr\/index.php\/produit\/mobile-chambre-denfant\/\",\"name\":\"Mobile Chambre d'enfant - Tartichon\",\"isPartOf\":{\"@id\":\"https:\/\/tartichon.fr\/#website\"},\"datePublished\":\"2018-12-02T14:27:52+00:00\",\"dateModified\":\"2018-12-15T09:26:46+00:00\",\"breadcrumb\":{\"@id\":\"https:\/\/tartichon.fr\/index.php\/produit\/mobile-chambre-denfant\/#breadcrumb\"},\"inLanguage\":\"fr-FR\",\"potentialAction\":[{\"@type\":\"ReadAction\",\"target\":[\"https:\/\/tartichon.fr\/index.php\/produit\/mobile-chambre-denfant\/\"]}]},{\"@type\":\"BreadcrumbList\",\"@id\":\"https:\/\/tartichon.fr\/index.php\/produit\/mobile-chambre-denfant\/#breadcrumb\",\"itemListElement\":[{\"@type\":\"ListItem\",\"position\":1,\"name\":\"Accueil\",\"item\":\"https:\/\/tartichon.fr\/\"},{\"@type\":\"ListItem\",\"position\":2,\"name\":\"Boutique\",\"item\":\"https:\/\/tartichon.fr\/index.php\/boutique\/\"},{\"@type\":\"ListItem\",\"position\":3,\"name\":\"Mobile Chambre d&rsquo;enfant\"}]},{\"@type\":\"WebSite\",\"@id\":\"https:\/\/tartichon.fr\/#website\",\"url\":\"https:\/\/tartichon.fr\/\",\"name\":\"Tartichon\",\"description\":\"Bijoux et Objets de d\u00e9coration\",\"publisher\":{\"@id\":\"https:\/\/tartichon.fr\/#organization\"},\"potentialAction\":[{\"@type\":\"SearchAction\",\"target\":{\"@type\":\"EntryPoint\",\"urlTemplate\":\"https:\/\/tartichon.fr\/?s={search_term_string}\"},\"query-input\":\"required name=search_term_string\"}],\"inLanguage\":\"fr-FR\"},{\"@type\":\"Organization\",\"@id\":\"https:\/\/tartichon.fr\/#organization\",\"name\":\"Tartichon\",\"url\":\"https:\/\/tartichon.fr\/\",\"logo\":{\"@type\":\"ImageObject\",\"inLanguage\":\"fr-FR\",\"@id\":\"https:\/\/tartichon.fr\/#\/schema\/logo\/image\/\",\"url\":\"https:\/\/tartichon.fr\/wp-content\/uploads\/2018\/11\/Logofinal2SP.svg\",\"contentUrl\":\"https:\/\/tartichon.fr\/wp-content\/uploads\/2018\/11\/Logofinal2SP.svg\",\"caption\":\"Tartichon\"},\"image\":{\"@id\":\"https:\/\/tartichon.fr\/#\/schema\/logo\/image\/\"}}]}<\/script>\n<!-- \/ Yoast SEO plugin. -->","yoast_head_json":{"title":"Mobile Chambre d'enfant - Tartichon","robots":{"index":"index","follow":"follow","max-snippet":"max-snippet:-1","max-image-preview":"max-image-preview:large","max-video-preview":"max-video-preview:-1"},"canonical":"https:\/\/tartichon.fr\/index.php\/produit\/mobile-chambre-denfant\/","og_locale":"fr_FR","og_type":"article","og_title":"Mobile Chambre d'enfant - Tartichon","og_description":"Mobile personnalisable avec pr\u00e9nom","og_url":"https:\/\/tartichon.fr\/index.php\/produit\/mobile-chambre-denfant\/","og_site_name":"Tartichon","article_modified_time":"2018-12-15T09:26:46+00:00","twitter_card":"summary_large_image","schema":{"@context":"https:\/\/schema.org","@graph":[{"@type":"WebPage","@id":"https:\/\/tartichon.fr\/index.php\/produit\/mobile-chambre-denfant\/","url":"https:\/\/tartichon.fr\/index.php\/produit\/mobile-chambre-denfant\/","name":"Mobile Chambre d'enfant - Tartichon","isPartOf":{"@id":"https:\/\/tartichon.fr\/#website"},"datePublished":"2018-12-02T14:27:52+00:00","dateModified":"2018-12-15T09:26:46+00:00","breadcrumb":{"@id":"https:\/\/tartichon.fr\/index.php\/produit\/mobile-chambre-denfant\/#breadcrumb"},"inLanguage":"fr-FR","potentialAction":[{"@type":"ReadAction","target":["https:\/\/tartichon.fr\/index.php\/produit\/mobile-chambre-denfant\/"]}]},{"@type":"BreadcrumbList","@id":"https:\/\/tartichon.fr\/index.php\/produit\/mobile-chambre-denfant\/#breadcrumb","itemListElement":[{"@type":"ListItem","position":1,"name":"Accueil","item":"https:\/\/tartichon.fr\/"},{"@type":"ListItem","position":2,"name":"Boutique","item":"https:\/\/tartichon.fr\/index.php\/boutique\/"},{"@type":"ListItem","position":3,"name":"Mobile Chambre d&rsquo;enfant"}]},{"@type":"WebSite","@id":"https:\/\/tartichon.fr\/#website","url":"https:\/\/tartichon.fr\/","name":"Tartichon","description":"Bijoux et Objets de d\u00e9coration","publisher":{"@id":"https:\/\/tartichon.fr\/#organization"},"potentialAction":[{"@type":"SearchAction","target":{"@type":"EntryPoint","urlTemplate":"https:\/\/tartichon.fr\/?s={search_term_string}"},"query-input":"required name=search_term_string"}],"inLanguage":"fr-FR"},{"@type":"Organization","@id":"https:\/\/tartichon.fr\/#organization","name":"Tartichon","url":"https:\/\/tartichon.fr\/","logo":{"@type":"ImageObject","inLanguage":"fr-FR","@id":"https:\/\/tartichon.fr\/#\/schema\/logo\/image\/","url":"https:\/\/tartichon.fr\/wp-content\/uploads\/2018\/11\/Logofinal2SP.svg","contentUrl":"https:\/\/tartichon.fr\/wp-content\/uploads\/2018\/11\/Logofinal2SP.svg","caption":"Tartichon"},"image":{"@id":"https:\/\/tartichon.fr\/#\/schema\/logo\/image\/"}}]}},"_links":{"self":[{"href":"https:\/\/tartichon.fr\/index.php\/wp-json\/wp\/v2\/product\/225"}],"collection":[{"href":"https:\/\/tartichon.fr\/index.php\/wp-json\/wp\/v2\/product"}],"about":[{"href":"https:\/\/tartichon.fr\/index.php\/wp-json\/wp\/v2\/types\/product"}],"replies":[{"embeddable":true,"href":"https:\/\/tartichon.fr\/index.php\/wp-json\/wp\/v2\/comments?post=225"}],"wp:attachment":[{"href":"https:\/\/tartichon.fr\/index.php\/wp-json\/wp\/v2\/media?parent=225"}],"wp:term":[{"taxonomy":"product_cat","embeddable":true,"href":"https:\/\/tartichon.fr\/index.php\/wp-json\/wp\/v2\/product_cat?post=225"},{"taxonomy":"product_tag","embeddable":true,"href":"https:\/\/tartichon.fr\/index.php\/wp-json\/wp\/v2\/product_tag?post=225"}],"curies":[{"name":"wp","href":"https:\/\/api.w.org\/{rel}","templated":true}]}}

<section class="description" data-hook="product-page-description">
<div class="description-wrapper">
<div class="content-wrapper" aria-live="assertive" data-hook="product-page-description-content-wrapper">
<p>Ces petits personnages sont entièrement personnalisables ( famille de couleur, détails, mise en scène … ) Chaque scène est unique, puisque faites avec des bouts de bois flottés et du fil krafté.<br />
Si le produit n’est plus en stock, le support en bois flotté sera forcément différent.</p>
<p>N’hésitez pas à me contacter par le  <a href="https://tartichon.fr/index.php/formulaire-de-contact/">Formulaire de contact</a> ou par courriel  <a href="mailto:tartichon@outlook.com">tartichon@outlook.com</a> .</p>
</div>
</div>
</section>

<p>Mobile personnalisable avec prénom</p>

<!-- This site is optimized with the Yoast SEO plugin v22.2 - https://yoast.com/wordpress/plugins/seo/ -->
<title>Mobile Chambre d&#039;enfant - Tartichon</title>
<meta name="robots" content="index, follow, max-snippet:-1, max-image-preview:large, max-video-preview:-1" />
<link rel="canonical" href="https://tartichon.fr/index.php/produit/mobile-chambre-denfant/" />
<meta property="og:locale" content="fr_FR" />
<meta property="og:type" content="article" />
<meta property="og:title" content="Mobile Chambre d&#039;enfant - Tartichon" />
<meta property="og:description" content="Mobile personnalisable avec prénom" />
<meta property="og:url" content="https://tartichon.fr/index.php/produit/mobile-chambre-denfant/" />
<meta property="og:site_name" content="Tartichon" />
<meta property="article:modified_time" content="2018-12-15T09:26:46+00:00" />
<meta name="twitter:card" content="summary_large_image" />
<script type="application/ld+json" class="yoast-schema-graph">{"@context":"https://schema.org","@graph":[{"@type":"WebPage","@id":"https://tartichon.fr/index.php/produit/mobile-chambre-denfant/","url":"https://tartichon.fr/index.php/produit/mobile-chambre-denfant/","name":"Mobile Chambre d'enfant - Tartichon","isPartOf":{"@id":"https://tartichon.fr/#website"},"datePublished":"2018-12-02T14:27:52+00:00","dateModified":"2018-12-15T09:26:46+00:00","breadcrumb":{"@id":"https://tartichon.fr/index.php/produit/mobile-chambre-denfant/#breadcrumb"},"inLanguage":"fr-FR","potentialAction":[{"@type":"ReadAction","target":["https://tartichon.fr/index.php/produit/mobile-chambre-denfant/"]}]},{"@type":"BreadcrumbList","@id":"https://tartichon.fr/index.php/produit/mobile-chambre-denfant/#breadcrumb","itemListElement":[{"@type":"ListItem","position":1,"name":"Accueil","item":"https://tartichon.fr/"},{"@type":"ListItem","position":2,"name":"Boutique","item":"https://tartichon.fr/index.php/boutique/"},{"@type":"ListItem","position":3,"name":"Mobile Chambre d&rsquo;enfant"}]},{"@type":"WebSite","@id":"https://tartichon.fr/#website","url":"https://tartichon.fr/","name":"Tartichon","description":"Bijoux et Objets de décoration","publisher":{"@id":"https://tartichon.fr/#organization"},"potentialAction":[{"@type":"SearchAction","target":{"@type":"EntryPoint","urlTemplate":"https://tartichon.fr/?s={search_term_string}"},"query-input":"required name=search_term_string"}],"inLanguage":"fr-FR"},{"@type":"Organization","@id":"https://tartichon.fr/#organization","name":"Tartichon","url":"https://tartichon.fr/","logo":{"@type":"ImageObject","inLanguage":"fr-FR","@id":"https://tartichon.fr/#/schema/logo/image/","url":"https://tartichon.fr/wp-content/uploads/2018/11/Logofinal2SP.svg","contentUrl":"https://tartichon.fr/wp-content/uploads/2018/11/Logofinal2SP.svg","caption":"Tartichon"},"image":{"@id":"https://tartichon.fr/#/schema/logo/image/"}}]}</script>
<!-- / Yoast SEO plugin. -->

Mobile personnalisable avec prénom

Bijoux et Objets de décoration
